4*a = -5. Let j = 13 - z. Suppose j*f - 115 = 5*f. List the prime factors of f.
23
Let j = -2149 + 3441. What are the prime factors of j?
2, 17, 19
Let c = 18 - 15. Let p(x) = 27*x - 8. List the prime factors of p(c).
73
Suppose -8*s + 343 = 1111. List the prime factors of (s/(-18))/(((-6)/(-153))/1).
2, 17
Suppose -3*h + 423 = 3*k, -3*h - h - 532 = -4*k. What are the prime factors of k?
137
Suppose 3*z - 13 = 2. Suppose -z*g + g - 5*c + 33 = 0, 3*g - 2*c = -4. Suppose 32 = g*o + 4*r, -3*o - 78 = -6*o + 4*r. What are the prime factors of o?
2, 11
Suppose 0 = -2*q - 4*v - 20, 0 = 2*q + q - 5*v - 25. Suppose -6*l + 9 + 3 = q. What are the prime factors of ((-60)/l)/(3 + -4)?
2, 3, 5
Let b be 21/9*(0 + -9). Let v = b - -7. List the prime factors of -2*(v/4 + -1).
3
What are the prime factors of (-2)/12 - ((-2396422)/84)/17?
2, 839
Let g(h) = h**2 - 15*h + 13. Let u be g(5). Let t = u - -96. What are the prime factors of t?
59
Let g(c) = -346*c + 16. Let h be g(-3). Suppose h = 7*y + 284. List the prime factors of y.
2, 5, 11
Suppose -5 = -13*n + 190. Suppose -15 - n = -3*d + 5*s, 6 = 2*s. List the prime factors of d.
3, 5
Suppose 0 = 13*d - 12*d - 66. Suppose 2*k = 5*k - d. List the prime factors of k.
2, 11
Suppose 100 = 5*t - 5*f, -4*f + 32 = 3*t - 0*f. What are the prime factors of t?
2
List the prime factors of -8 - ((-98780)/(-11))/(-5).
2, 3, 149
What are the prime factors of (30978/10)/3 - 180/300?
2, 3, 43
Suppose -3*q = 0, -3*p + 3*q + 2 = -2*p. Suppose 10 = x - 4*v, -4*v + v = 2*x + 2. Suppose x*k = -3*t + 38, p*k = -t + 33 + 9. List the prime factors of k.
2, 11
Let v = -46 - -112. Suppose 64*a + 240 = v*a. List the prime factors of a.
2, 3, 5
Suppose -3*k - 2*k + 405 = 0. Suppose 2*q = -5*r - 97, -q - 4*q = r + 231. Let p = k + q. What are the prime factors of p?
5, 7
Let y = -5 + 97. Let u = -55 + y. List the prime factors of u.
37
Let h(t) = t**2 - 5*t - 6. Let p be h(5). What are the prime factors of (50/p)/(3/(-9))*1?
5
What are the prime factors of 1605/(-45)*(1/(-1) + -5)?
2, 107
Let u(y) = 19*y - 50. Let b be u(28). Suppose -5*x + 13*z - 9*z = -b, -z = -5*x + 488. List the prime factors of x.
2, 7
Let v(b) = b**3 - 13*b**2 - 47*b + 19. List the prime factors of v(17).
2, 47
Let x = -14 + 18. Suppose 0 = -4*j + 5*z + 133, -4*z = -3*j + x*j - 28. What are the prime factors of j?
2
Suppose -43*n = -47*n + 1140. What are the prime factors of n?
3, 5, 19
Suppose -25981 - 39744 = -25*z. What are the prime factors of z?
11, 239
Let x = -1760 + 4417. List the prime factors of x.
2657
Let t = -13 - -13. Suppose -y - p - p + 68 = t, -4*y = -3*p - 316. What are the prime factors of y?
2, 19
Let s(r) = r - 10. Let p be s(8). Let q(v) be the first derivative of -v**2 - 2*v + 6. What are the prime factors of q(p)?
2
Suppose -21*d = -48*d + 60237. List the prime factors of d.
23, 97
Suppose -n = -5, 10*h - 181 = 7*h + 4*n. List the prime factors of h.
67
Suppose -63184 = -73*b + 29*b. What are the prime factors of b?
2, 359
Let h = 18 - 13. Suppose 0 = -4*p + h*z + 30, -48 = -4*p - 5*z + z. What are the prime factors of p?
2, 5
Suppose -3*d = -d - 12. Suppose 2*r = -0*r - d, -3*c + 4*r - 69 = 0. What are the prime factors of (-3)/(c/24 - -1)?
2, 3
Let w(t) = 39 + 11*t**2 - 5*t - 41 - 7*t - t**3. List the prime factors of w(5).
2, 11
Suppose 12*z - 41 = -5. List the prime factors of (714/4 + z)/(3/4).
2, 11
Let w = 355 + -250. List the prime factors of w.
3, 5, 7
Suppose 2*d - 105 = -w, -2*d + 244 = -5*w + 709. List the prime factors of w.
5, 19
Let b = -6598 + 11223. What are the prime factors of b?
5, 37
Let g(r) = -r**3 - 6*r**2 - 5*r + 3. Let z be g(-5). Suppose 5*k = k. Suppose k*m - z = -m. What are the prime factors of m?
3
Let p(m) = -36*m - 2. Let l be p(-4). Suppose s + t - l = -t, -5*t - 503 = -4*s. Suppose -3*n = -7*n + s. What are the prime factors of n?
3, 11
Let f(h) = h**2 + 3*h - 11. Let g = 12 + -18. Let i be 8/g*42/(-8). List the prime factors of f(i).
59
Suppose 3*m + 8798 = 5*n, m = -6*n + 3*n + 5290. What are the prime factors of n?
2, 881
Let b(r) = r**3 + 11*r**2 - 12*r - 2. Let u(k) = 5*k**3 + 45*k**2 - 48*k - 7. Let w(i) = -9*b(i) + 2*u(i). List the prime factors of w(8).
2, 3
Let b(l) = -31 + 22 + 3*l - 24. What are the prime factors of b(16)?
3, 5
Suppose 3*a = -5*p - 1497, -4*p + 3*a - 7*a = 1196. What are the prime factors of p/(-7) - ((-13)/(-7) - 2)?
43
Suppose k + 16 = -3*k. Let v(u) = -4*u - 11. Let q be v(k). Suppose 0 = -q*p + 9 + 6. What are the prime factors of p?
3
Suppose 450 + 279 = 3*k - 3*c, 4*k - 967 = 5*c. List the prime factors of k.
2, 31
Let n = 221 + -324. Let f = n - -161. What are the prime factors of f?
2, 29
Suppose -347991 = 164*m - 237*m. List the prime factors of m.
3, 7, 227
Let i(p) = -147*p + 134. What are the prime factors of i(-35)?
5279
Let m = 42 + -40. List the prime factors of (-5 + m + -2)*136/(-10).
2, 17
Let r = -12 - -12. Suppose -6*u + 2*u + 8 = r. What are the prime factors of u?
2
Let i = 32 - 20. Let k be (2 - 8/10)*-5. Let x = i - k. What are the prime factors of x?
2, 3
Suppose -6*t + 11 = -c - 3*t, 0 = 5*c - 4*t. Suppose 8*r = c*r - 88. List the prime factors of (38 - 0)*(-11)/r.
19
Let z(c) = c**2 - 19. Let v be z(9). Suppose -h = -n + v, -4*n - 2*h + 288 = 2*h. List the prime factors of n.
67
Let d = -1325 - -2234. List the prime factors of d.
3, 101
Let p(z) = -z**3 - z**2 - z + 50. Suppose -2*u = -3*u + 9*u. What are the prime factors of p(u)?
2, 5
Suppose 5*q + 8865 = 5*k, -3*k + 4*k + 7087 = -4*q. Let c be (-20)/35 + q/(-14). Suppose 2*t + 0*t = c. What are the prime factors of t?
3, 7
Let c(h) = 11*h + 50. What are the prime factors of c(56)?
2, 3, 37
Let z(w) = 18*w**2 + 4*w + 2. Let p be z(-4). What are the prime factors of (-3 + 2)/((-2)/p)?
137
Suppose -2*p + 3936 = 4*l, 5*p + 117*l - 112*l = 9830. What are the prime factors of p?
2, 491
Let l(q) = q**3 + 32*q**2 - 2*q + 113. What are the prime factors of l(-32)?
3, 59
List the prime factors of 2877/6 + (-6)/(-4).
13, 37
Let i(a) = 11*a - 4. Let w be i(1). Let x = 53 + -28. Let o = x - w. List the prime factors of o.
2, 3
Suppose -5*p + 90 = -0*p. Let y be 16/48 + (-149)/(-3). Let f = y - p. What are the prime factors of f?
2
Let w be (-6 + -1)*(-2 + 1). Suppose 3*s + 52 = -v, -s - w*v + 3*v = 32. What are the prime factors of (-3)/(2*6/s)?
2
Let f be (-2152)/6*(-9)/6. Suppose -4*h + 272 = 2*u, 2*u - f = -2*u - 2*h. Suppose -u = -5*j - 14. List the prime factors of j.
2, 3
Let v = -790 + 1527. List the prime factors of v.
11, 67
Let x(h) = 40*h**2 + h. Let t(q) = q - 2. Let p be t(1). Let w be x(p). Suppose -g + w = 2*v, 0 + 12 = 4*g. What are the prime factors of v?
2, 3
Let g(v) = 33*v**2 + 32*v - 120. List the prime factors of g(4).
2, 67
Suppose 5*w + 3 - 38 = -2*z, 5*w - 2*z = 15. Suppose 0 = w*d + c - 254, 5*c = -4*d + 3*d + 70. List the prime factors of d.
2, 5
Let z = 14 - 10. Suppose -2*n = -6*n - z. What are the prime factors of 84/(n + 5) - 2?
19
Suppose 4*d + 3148 - 812 = 4*k, 4*d = -16. List the prime factors of k.
2, 5, 29
Let c be (1 - -1)*(0 - -2). Let m(h) = 3 - 2 - c*h + 0*h + 2. What are the prime factors of m(-7)?
31
Suppose -16*x + 11*x + 5*o + 5 = 0, 0 = 3*o - 15. List the prime factors of x.
2, 3
Let g be -1*(-3)/(-9)*6. What are the prime factors of 1 - (0 + -3)*(12 - g)?
43
Let o(z) = 3*z**2 - 5*z - 16. Let u be o(-5). Let h = u - 25. What are the prime factors of h?
59
Let j(w) = 4*w**2 + w. Let y be j(-1). Suppose -5*d = y*z + 183, 5*z - 2*d + 306 = 32. What are the prime factors of (-2)/(-8) - 322/z?
2, 3
Suppose -5*j - 5*f = -3473 - 242, -j = 3*f - 741. What are the prime factors of j?
2, 3, 31
Let r(h) = -h**3 - 4*h**2 + 14*h + 15. Let q be r(-6). Suppose -j = -q*f - 133, -5*f = 5*j - 789 + 144. List the prime factors of j.
2, 5, 13
Let h be -2 - -5 - (-5)/(-15)*-3. Suppose -g = d - 31 - 231, 1048 = h*g + 3*d. List the prime factors of g.
2, 131
What are the prime factors of ((-244875)/(-875))/((-2)/(-14))?
3, 653
Let x(f) = 2*f + 7. Let w be (2 - 1)/(3/(-6)). Let g be w*(-12)/(-8) + 3. What are the prime factors of x(g)?
7
Let q(r) be the third derivative of -3*r**4/4 - 9*r**3/2 - 11*r**2. List the prime factors of q(-6).
3
Suppose 3*x - 5*x + 35 = -5*p, -x - 15 = 4*p. Let